{"id":5024,"date":"2023-10-26T13:48:46","date_gmt":"2023-10-26T13:48:46","guid":{"rendered":"http:\/\/festiwalrymkiewiczowski.pl\/2023\/?page_id=5024"},"modified":"2023-10-26T13:50:00","modified_gmt":"2023-10-26T13:50:00","slug":"jaroslaw-kaczmarek","status":"publish","type":"page","link":"http:\/\/festiwalrymkiewiczowski.pl\/2023\/jaroslaw-kaczmarek\/","title":{"rendered":"Jaros\u0142aw Kaczmarek"},"content":{"rendered":"\t\t<div data-elementor-type=\"wp-page\" data-elementor-id=\"5024\" class=\"elementor elementor-5024\">\n\t\t\t\t\t\t<section class=\"elementor-section elementor-top-section elementor-element elementor-element-c8378e1 elementor-section-stretched elementor-section-boxed elementor-section-height-default elementor-section-height-default\" data-id=\"c8378e1\" data-element_type=\"section\" data-settings=\"{&quot;stretch_section&quot;:&quot;section-stretched&quot;,&quot;background_background&quot;:&quot;gradient&quot;}\">\n\t\t\t\t\t\t<div class=\"elementor-container elementor-column-gap-default\">\n\t\t\t\t\t<div class=\"aux-parallax-section elementor-column elementor-col-50 elementor-top-column elementor-element elementor-element-a04f1c6\" data-id=\"a04f1c6\" data-element_type=\"column\">\n\t\t\t<div class=\"elementor-widget-wrap elementor-element-populated\">\n\t\t\t\t\t\t<div class=\"elementor-element elementor-element-ff2fdd2 elementor-widget-tablet__width-initial elementor-invisible elementor-widget elementor-widget-image\" data-id=\"ff2fdd2\" data-element_type=\"widget\" data-settings=\"{&quot;_animation&quot;:&quot;fadeInLeft&quot;}\" data-widget_type=\"image.default\">\n\t\t\t\t<div class=\"elementor-widget-container\">\n\t\t\t\t\t\t\t\t\t\t\t\t\t\t\t\t<a href=\"http:\/\/festiwalrymkiewiczowski.pl\/2023\/wp-content\/uploads\/2023\/10\/Jaroslaw_Kaczmarek_1.jpg\" data-elementor-open-lightbox=\"yes\" data-elementor-lightbox-title=\"Jaros\u0142aw_Kaczmarek_1\" data-e-action-hash=\"#elementor-action%3Aaction%3Dlightbox%26settings%3DeyJpZCI6NTAyNiwidXJsIjoiaHR0cDpcL1wvZmVzdGl3YWxyeW1raWV3aWN6b3dza2kucGxcLzIwMjNcL3dwLWNvbnRlbnRcL3VwbG9hZHNcLzIwMjNcLzEwXC9KYXJvc2xhd19LYWN6bWFyZWtfMS5qcGcifQ%3D%3D\">\n\t\t\t\t\t\t\t<img decoding=\"async\" src=\"http:\/\/festiwalrymkiewiczowski.pl\/2023\/wp-content\/uploads\/2023\/10\/Jaroslaw_Kaczmarek_1.jpg\" title=\"Jaros\u0142aw_Kaczmarek_1\" alt=\"Jaros\u0142aw_Kaczmarek_1\" loading=\"lazy\" \/>\t\t\t\t\t\t\t\t<\/a>\n\t\t\t\t\t\t\t\t\t\t\t\t\t\t\t<\/div>\n\t\t\t\t<\/div>\n\t\t\t\t\t<\/div>\n\t\t<\/div>\n\t\t\t\t<div class=\"aux-parallax-section elementor-column elementor-col-50 elementor-top-column elementor-element elementor-element-915fcd9\" data-id=\"915fcd9\" data-element_type=\"column\">\n\t\t\t<div class=\"elementor-widget-wrap elementor-element-populated\">\n\t\t\t\t\t\t<div class=\"elementor-element elementor-element-bc832da elementor-invisible elementor-widget elementor-widget-text-editor\" data-id=\"bc832da\" data-element_type=\"widget\" data-settings=\"{&quot;_animation&quot;:&quot;fadeInRight&quot;}\" data-widget_type=\"text-editor.default\">\n\t\t\t\t<div class=\"elementor-widget-container\">\n\t\t\t\t\t\t\t\t\tJaros\u0142aw Kaczmarek\t\t\t\t\t\t\t\t<\/div>\n\t\t\t\t<\/div>\n\t\t\t\t<div class=\"elementor-element elementor-element-468595d elementor-widget-tablet__width-initial elementor-widget-mobile__width-initial elementor-invisible elementor-widget elementor-widget-text-editor\" data-id=\"468595d\" data-element_type=\"widget\" data-settings=\"{&quot;_animation&quot;:&quot;fadeInRight&quot;}\" data-widget_type=\"text-editor.default\">\n\t\t\t\t<div class=\"elementor-widget-container\">\n\t\t\t\t\t\t\t\t\tAktor\t\t\t\t\t\t\t\t<\/div>\n\t\t\t\t<\/div>\n\t\t\t\t<div class=\"elementor-element elementor-element-3918b42 elementor-widget-tablet__width-initial elementor-widget-mobile__width-initial elementor-invisible elementor-widget elementor-widget-text-editor\" data-id=\"3918b42\" data-element_type=\"widget\" data-settings=\"{&quot;_animation&quot;:&quot;fadeInRight&quot;}\" data-widget_type=\"text-editor.default\">\n\t\t\t\t<div class=\"elementor-widget-container\">\n\t\t\t\t\t\t\t\t\t<p>Aktor, absolwent Wydzia\u0142u Polonistyki UW (specjalizacja: animacja kultury). Wsp\u00f3\u0142tw\u00f3rca i za\u0142o\u017cyciel Stowarzyszenia \u201eGrupa Studnia O.\u201d \u2013 pierwszej w Polsce grupy zajmuj\u0105cej si\u0119 profesjonalnie sztuk\u0105 opowiadania lub storytellingiem w r\u00f3\u017cnorodnych formach.\u00a0\u00a0<\/p><p>Opowiadacz, pisarz, gitarzysta, autor muzyki, animator kultury. Pomys\u0142odawca i wsp\u00f3\u0142tw\u00f3rca licznych projekt\u00f3w artystycznych i edukacyjnych wspieranych przez Ministerstwo Kultury i Dziedzictwa Narodowego i m. st. Warszaw\u0119. Wsp\u00f3\u0142tw\u00f3rca programu i wykonawca siedemnastu edycji Mi\u0119dzynarodowego Festiwalu Sztuki Opowiadania w Warszawie (2006\u20132022).<\/p><p>Autor koncepcji artystycznej i scenariuszy widowisk narracyjnych, \u0142\u0105cz\u0105cych sztuk\u0119 opowiadania z literatur\u0105, muzyk\u0105, teatrem i sztuk\u0105 performance, takich jak: <em>O tym B<\/em><em>ia\u0142oszewskim jak go sobie m\u00f3wi\u0119<\/em>, <em>R\u0119kopis znaleziony w Saragossie<\/em>, <em>Don Kichot i jego opowie\u015b\u0107<\/em>, <em>Opowie\u015bci z krainy kwant\u00f3w<\/em>, <em>Nowe szaty \u015awiezianki<\/em>. Prowadzi warsztaty opowiadania dla dzieci i doros\u0142ych, wsp\u00f3\u0142pracuj\u0105c z wieloma instytucjami, m.in. Pa\u0144stwowym Muzeum Etnograficznym w Warszawie, Domem Spotka\u0144 z Histori\u0105, Muzeum Warszawy, Muzeum Historii \u017byd\u00f3w Polskich, Centrum Edukacji Obywatelskiej, Instytutem Teatralnym w Warszawie.\u00a0<\/p>\t\t\t\t\t\t\t\t<\/div>\n\t\t\t\t<\/div>\n\t\t\t\t<div class=\"elementor-element elementor-element-cb9d9be elementor-widget-tablet__width-initial elementor-widget-mobile__width-initial elementor-invisible elementor-widget elementor-widget-text-editor\" data-id=\"cb9d9be\" data-element_type=\"widget\" data-settings=\"{&quot;_animation&quot;:&quot;fadeInRight&quot;}\" data-widget_type=\"text-editor.default\">\n\t\t\t\t<div class=\"elementor-widget-container\">\n\t\t\t\t\t\t\t\t\t<strong>Jaros\u0142aw Kaczmarek wyst\u0105pi w spektaklu <em>Lekcja anatomii<\/em>, kt\u00f3ry b\u0119dzie mia\u0142 swoj\u0105 premier\u0119 podczas Festiwalu Rymkiewiczowskiego.<\/strong>\t\t\t\t\t\t\t\t<\/div>\n\t\t\t\t<\/div>\n\t\t\t\t<div class=\"elementor-element elementor-element-8b5c792 elementor-widget-tablet__width-initial elementor-invisible elementor-widget elementor-widget-aux_modern_button\" data-id=\"8b5c792\" data-element_type=\"widget\" data-settings=\"{&quot;_animation&quot;:&quot;fadeInRight&quot;}\" data-widget_type=\"aux_modern_button.default\">\n\t\t\t\t<div class=\"elementor-widget-container\">\n\t\t\t\t\t    <div class=\"aux-modern-button-wrapper aux-modern-button-align-left\" >\n                    <a class=\"aux-modern-button aux-black aux-modern-button-md aux-modern-button-normal aux-modern-button-default aux-icon-\" href=\"http:\/\/festiwalrymkiewiczowski.pl\/2023\/lekcja-anatomii\/\">\n                <div class=\"aux-overlay\"><\/div>\n                                    <div class=\"aux-icon \">\n                                            <\/div>\n                                <div class=\"aux-text\">\n<span class=\"aux-text-before\">szczeg\u00f3\u0142y spektaklu<\/span>                <\/div>\n            <\/a>\n            \n    <\/div>\n\n    \t\t\t\t<\/div>\n\t\t\t\t<\/div>\n\t\t\t\t\t<\/div>\n\t\t<\/div>\n\t\t\t\t\t<\/div>\n\t\t<\/section>\n\t\t\t\t<\/div>\n\t\t","protected":false},"excerpt":{"rendered":"<p>Jaros\u0142aw KaczmarekAktor Aktor, absolwent Wydzia\u0142u Polonistyki UW (specjalizacja: animacja kultury). Wsp\u00f3\u0142tw\u00f3rca i za\u0142o\u017cyciel Stowarzyszenia \u201eGrupa Studnia O.\u201d \u2013 pierwszej w Polsce grupy zajmuj\u0105cej si\u0119 profesjonalnie sztuk\u0105 opowiadania lub storytellingiem w r\u00f3\u017cnorodnych formach.\u00a0\u00a0 Opowiadacz, pisarz, gitarzysta, autor muzyki, animator kultury. Pomys\u0142odawca i wsp\u00f3\u0142tw\u00f3rca licznych projekt\u00f3w artystycznych i edukacyjnych wspieranych przez Ministerstwo Kultury i Dziedzictwa Narodowego i [&hellip;]<\/p>\n","protected":false},"author":1,"featured_media":0,"parent":0,"menu_order":0,"comment_status":"closed","ping_status":"closed","template":"","meta":{"_monsterinsights_skip_tracking":false,"_monsterinsights_sitenote_active":false,"_monsterinsights_sitenote_note":"","_monsterinsights_sitenote_category":0,"footnotes":""},"class_list":["post-5024","page","type-page","status-publish","hentry"],"_links":{"self":[{"href":"http:\/\/festiwalrymkiewiczowski.pl\/2023\/wp-json\/wp\/v2\/pages\/5024","targetHints":{"allow":["GET"]}}],"collection":[{"href":"http:\/\/festiwalrymkiewiczowski.pl\/2023\/wp-json\/wp\/v2\/pages"}],"about":[{"href":"http:\/\/festiwalrymkiewiczowski.pl\/2023\/wp-json\/wp\/v2\/types\/page"}],"author":[{"embeddable":true,"href":"http:\/\/festiwalrymkiewiczowski.pl\/2023\/wp-json\/wp\/v2\/users\/1"}],"replies":[{"embeddable":true,"href":"http:\/\/festiwalrymkiewiczowski.pl\/2023\/wp-json\/wp\/v2\/comments?post=5024"}],"version-history":[{"count":4,"href":"http:\/\/festiwalrymkiewiczowski.pl\/2023\/wp-json\/wp\/v2\/pages\/5024\/revisions"}],"predecessor-version":[{"id":5029,"href":"http:\/\/festiwalrymkiewiczowski.pl\/2023\/wp-json\/wp\/v2\/pages\/5024\/revisions\/5029"}],"wp:attachment":[{"href":"http:\/\/festiwalrymkiewiczowski.pl\/2023\/wp-json\/wp\/v2\/media?parent=5024"}],"curies":[{"name":"wp","href":"https:\/\/api.w.org\/{rel}","templated":true}]}}