{"id":224,"date":"2023-06-13T13:59:31","date_gmt":"2023-06-13T13:59:31","guid":{"rendered":"http:\/\/festiwalrymkiewiczowski.pl\/2023\/?page_id=224"},"modified":"2024-09-12T14:41:19","modified_gmt":"2024-09-12T14:41:19","slug":"rymkiewicz","status":"publish","type":"page","link":"http:\/\/festiwalrymkiewiczowski.pl\/2023\/rymkiewicz\/","title":{"rendered":"Rymkiewicz"},"content":{"rendered":"\t\t<div data-elementor-type=\"wp-page\" data-elementor-id=\"224\" class=\"elementor elementor-224\">\n\t\t\t\t\t\t<section class=\"elementor-section elementor-top-section elementor-element elementor-element-8695248 elementor-section-stretched elementor-section-full_width elementor-section-height-default elementor-section-height-default\" data-id=\"8695248\" data-element_type=\"section\" data-settings=\"{&quot;stretch_section&quot;:&quot;section-stretched&quot;,&quot;background_background&quot;:&quot;classic&quot;}\">\n\t\t\t\t\t\t<div class=\"elementor-container elementor-column-gap-default\">\n\t\t\t\t\t<div class=\"aux-parallax-section elementor-column elementor-col-33 elementor-top-column elementor-element elementor-element-8e64284 elementor-invisible\" data-id=\"8e64284\" data-element_type=\"column\" data-settings=\"{&quot;background_background&quot;:&quot;classic&quot;,&quot;animation&quot;:&quot;fadeIn&quot;}\">\n\t\t\t<div class=\"elementor-widget-wrap\">\n\t\t\t\t\t\t\t<\/div>\n\t\t<\/div>\n\t\t\t\t<div class=\"aux-parallax-section elementor-column elementor-col-66 elementor-top-column elementor-element elementor-element-da141bf\" data-id=\"da141bf\" data-element_type=\"column\">\n\t\t\t<div class=\"elementor-widget-wrap elementor-element-populated\">\n\t\t\t\t\t\t<div class=\"elementor-element elementor-element-46bbba6 elementor-invisible elementor-widget elementor-widget-text-editor\" data-id=\"46bbba6\" data-element_type=\"widget\" data-settings=\"{&quot;_animation&quot;:&quot;fadeIn&quot;}\" data-widget_type=\"text-editor.default\">\n\t\t\t\t<div class=\"elementor-widget-container\">\n\t\t\t\t\t\t\t\t\tJaros\u0142aw<br>\nMarek<br>\nRymkiewicz\t\t\t\t\t\t\t\t<\/div>\n\t\t\t\t<\/div>\n\t\t\t\t<div class=\"elementor-element elementor-element-aac6cf8 elementor-invisible elementor-widget elementor-widget-text-editor\" data-id=\"aac6cf8\" data-element_type=\"widget\" data-settings=\"{&quot;_animation&quot;:&quot;fadeIn&quot;}\" data-widget_type=\"text-editor.default\">\n\t\t\t\t<div class=\"elementor-widget-container\">\n\t\t\t\t\t\t\t\t\t<p>Poeta, eseista, dramaturg, historyk literatury, profesor nauk humanistycznych.<br>Ka\u017cda jego ksi\u0105\u017cka, a nawet wypowied\u017a, rozpala\u0142a w Polsce gor\u0105ce dyskusje.<\/p>\t\t\t\t\t\t\t\t<\/div>\n\t\t\t\t<\/div>\n\t\t\t\t<div class=\"elementor-element elementor-element-2e48e0a elementor-hidden-desktop elementor-hidden-tablet elementor-widget elementor-widget-image\" data-id=\"2e48e0a\" data-element_type=\"widget\" data-settings=\"{&quot;_animation_mobile&quot;:&quot;fadeInLeft&quot;}\" data-widget_type=\"image.default\">\n\t\t\t\t<div class=\"elementor-widget-container\">\n\t\t\t\t\t\t\t\t\t\t\t\t\t\t\t<img fetchpriority=\"high\" decoding=\"async\" width=\"1200\" height=\"1601\" src=\"http:\/\/festiwalrymkiewiczowski.pl\/2023\/wp-content\/uploads\/2023\/06\/Rymkiewicz_1.jpg\" class=\"attachment-full size-full wp-image-99\" alt=\"\" srcset=\"http:\/\/festiwalrymkiewiczowski.pl\/2023\/wp-content\/uploads\/2023\/06\/Rymkiewicz_1.jpg 1200w, http:\/\/festiwalrymkiewiczowski.pl\/2023\/wp-content\/uploads\/2023\/06\/Rymkiewicz_1-1151x1536.jpg 1151w\" sizes=\"(max-width: 1200px) 100vw, 1200px\" \/>\t\t\t\t\t\t\t\t\t\t\t\t\t\t\t<\/div>\n\t\t\t\t<\/div>\n\t\t\t\t<div class=\"elementor-element elementor-element-07b3406 elementor-widget__width-initial elementor-invisible elementor-widget elementor-widget-text-editor\" data-id=\"07b3406\" data-element_type=\"widget\" data-settings=\"{&quot;_animation&quot;:&quot;fadeIn&quot;}\" data-widget_type=\"text-editor.default\">\n\t\t\t\t<div class=\"elementor-widget-container\">\n\t\t\t\t\t\t\t\t\t<p>Urodzony 13 lipca 1935 roku w Warszawie, zadebiutowa\u0142 w wieku 22 lat tomikiem wierszy <em>Konwencje<\/em> (wydanym w \u0141odzi). W roku 1967 og\u0142osi\u0142 swoje literackie credo w ksi\u0105\u017cce: <em>Czym jest klasycyzm. Manifesty poetyckie.<\/em> Autor licznych tom\u00f3w poetyckich, z kt\u00f3rych najbardziej znane to: <em>Thema regium<\/em> (1978), <em>Ulica Mandelsztama<\/em> (1983), <em>Moje dzie\u0142o po\u015bmiertne<\/em> (1993), <em>Znak niejasny, ba\u015b\u0144 p\u00f3\u0142\u017cywa<\/em> (1999), <em>Zach\u00f3d s\u0142o\u0144ca w Milan\u00f3wku<\/em> (2002), <em>Wiersze polityczne<\/em> (2010), <em>Pastuszek Che\u0142mo\u0144skiego<\/em> (2014) i wydany w roku 2015: <em>Koniec lata w zdzicza\u0142ym ogrodzie<\/em>.<\/p><p>Napisane w latach 80. powie\u015bci <em>Rozmowy polskie latem 1983<\/em> (1984) oraz <em>Umschlagplatz<\/em> (1988), wydane w drugim obiegu, spotka\u0142y si\u0119 z ogromnym zainteresowaniem czytelnik\u00f3w, zosta\u0142y przet\u0142umaczone na j\u0119zyk francuski, niemiecki i angielski.<\/p><p>Wyniki swojej rozleg\u0142ej pracy historyczno-literackiej pomie\u015bci\u0142 w tomach eseistycznych i encyklopedycznych po\u015bwi\u0119conych Mickiewiczowi, S\u0142owackiemu, Le\u015bmianowi i Fredrze. Pracowa\u0142 w Instytucie Bada\u0144 Literackich PAN, sk\u0105d zosta\u0142 zwolniony w 1985 roku (zatrudniony ponownie po 1989). W 1994 roku otrzyma\u0142 tytu\u0142 naukowy profesora nauk humanistycznych.<\/p><p>W pierwszym dziesi\u0119cioleciu XXI wieku napisa\u0142 g\u0142o\u015bne eseje historyczne: <em>Wieszanie<\/em> (2007), <em>Kinderszenen<\/em> (2008), <em>Samuel Zborowski<\/em> (2010), <em>Reytan. Upadek Polski<\/em> (2013). Wiele cennych refleksji pozostawi\u0142 w dziele: <em>Wielki Ksi\u0105\u017c\u0119. Z dodaniem rozwa\u017ca\u0144 o istocie i przymiotach ducha polskiego<\/em> (1983).<\/p><p>Autor dramat\u00f3w i komedii (wystawiany niemal ci\u0105gle od lat 60., w Teatrze Narodowym w Warszawie nadal grani s\u0105 jego <i>U\u0142ani<\/i>, w re\u017c. Piotra Cieplaka).<\/p><p>T\u0142umacz literatury obcej, na j\u0119zyk polski prze\u0142o\u017cy\u0142 m.in. poezj\u0119 Thomasa S. Eliota, Osipa Mandelsztama, Federico Garcii Lorki i dramaty Calderona de la Barki. Wieloletni mieszkaniec i mi\u0142o\u015bnik Milan\u00f3wka, gdzie zmar\u0142 3 lutego 2022 roku.<\/p><p>Za swoj\u0105 tw\u00f3rczo\u015b\u0107 wielokrotnie nagradzany, m.in: Nagrod\u0105 Fundacji im. Ko\u015bcielskich (1967), Nagrod\u0105 im. Stanis\u0142awa Vincenza (1984), Nagrod\u0105 Literack\u0105 im. Zygmunta Hertza (1986), Nagrod\u0105 Nike (2003), a w roku 2015 Nagrod\u0105 im. Juliana Tuwima oraz Nagrod\u0105 Literack\u0105 m.st. Warszawy, kt\u00f3rej przyj\u0119cia odm\u00f3wi\u0142 z przyczyn politycznych. W roku 2016 zosta\u0142 uhonorowany Nagrod\u0105 im. Lecha Kaczy\u0144skiego. W 2022 roku Sejm RP \u2014 w przyj\u0119tej przez aklamacj\u0119 uchwale z 9 lutego \u2014 upami\u0119tni\u0142 Poet\u0119 i przypomnia\u0142 jego wybitny dorobek tw\u00f3rczy.<\/p>\t\t\t\t\t\t\t\t<\/div>\n\t\t\t\t<\/div>\n\t\t\t\t\t<\/div>\n\t\t<\/div>\n\t\t\t\t\t<\/div>\n\t\t<\/section>\n\t\t\t\t<section class=\"elementor-section elementor-top-section elementor-element elementor-element-a3f1026 elementor-section-stretched elementor-section-full_width elementor-section-height-default elementor-section-height-default elementor-invisible\" data-id=\"a3f1026\" data-element_type=\"section\" data-settings=\"{&quot;stretch_section&quot;:&quot;section-stretched&quot;,&quot;background_background&quot;:&quot;classic&quot;,&quot;animation&quot;:&quot;fadeIn&quot;}\">\n\t\t\t\t\t\t<div class=\"elementor-container elementor-column-gap-default\">\n\t\t\t\t\t<div class=\"aux-parallax-section elementor-column elementor-col-33 elementor-top-column elementor-element elementor-element-b7d848b\" data-id=\"b7d848b\" data-element_type=\"column\" data-settings=\"{&quot;background_background&quot;:&quot;classic&quot;,&quot;animation&quot;:&quot;none&quot;}\">\n\t\t\t<div class=\"elementor-widget-wrap\">\n\t\t\t\t\t\t\t<\/div>\n\t\t<\/div>\n\t\t\t\t<div class=\"aux-parallax-section elementor-column elementor-col-66 elementor-top-column elementor-element elementor-element-160b740\" data-id=\"160b740\" data-element_type=\"column\" data-settings=\"{&quot;background_background&quot;:&quot;classic&quot;}\">\n\t\t\t<div class=\"elementor-widget-wrap elementor-element-populated\">\n\t\t\t\t\t\t<div class=\"elementor-element elementor-element-994fe87 elementor-invisible elementor-widget elementor-widget-text-editor\" data-id=\"994fe87\" data-element_type=\"widget\" data-settings=\"{&quot;_animation&quot;:&quot;fadeIn&quot;}\" data-widget_type=\"text-editor.default\">\n\t\t\t\t<div class=\"elementor-widget-container\">\n\t\t\t\t\t\t\t\t\tPoza czasem\t\t\t\t\t\t\t\t<\/div>\n\t\t\t\t<\/div>\n\t\t\t\t<div class=\"elementor-element elementor-element-3cf2c59 elementor-invisible elementor-widget elementor-widget-text-editor\" data-id=\"3cf2c59\" data-element_type=\"widget\" data-settings=\"{&quot;_animation&quot;:&quot;fadeIn&quot;}\" data-widget_type=\"text-editor.default\">\n\t\t\t\t<div class=\"elementor-widget-container\">\n\t\t\t\t\t\t\t\t\t<p>\u201eKlasycyzm to nieustanna walka o swoje miejsce w kulturze, a wi\u0119c w czasie tera\u017aniejszym, to nieustanna \u015bwiadomo\u015b\u0107, \u017ce czas przesz\u0142y jest czasem tera\u017aniejszym, \u015bwiadomo\u015b\u0107, \u017ce nie ma idiomu poetyckiego czasu minionego i czasu tera\u017aniejszego, bo jest jedno wielkie morze j\u0119zyka poetyckiego poza czasem, to wreszcie nieustanne projektowanie siebie i innych w przysz\u0142o\u015b\u0107.\u201d<\/p>\t\t\t\t\t\t\t\t<\/div>\n\t\t\t\t<\/div>\n\t\t\t\t<div class=\"elementor-element elementor-element-0c056a9 elementor-invisible elementor-widget elementor-widget-text-editor\" data-id=\"0c056a9\" data-element_type=\"widget\" data-settings=\"{&quot;_animation&quot;:&quot;fadeIn&quot;}\" data-widget_type=\"text-editor.default\">\n\t\t\t\t<div class=\"elementor-widget-container\">\n\t\t\t\t\t\t\t\t\t(Czym jest klasycyzm. Manifesty poetyckie)\t\t\t\t\t\t\t\t<\/div>\n\t\t\t\t<\/div>\n\t\t\t\t\t<\/div>\n\t\t<\/div>\n\t\t\t\t\t<\/div>\n\t\t<\/section>\n\t\t\t\t<section class=\"elementor-section elementor-top-section elementor-element elementor-element-6b75240 elementor-section-full_width elementor-section-stretched elementor-section-height-default elementor-section-height-default\" data-id=\"6b75240\" data-element_type=\"section\" data-settings=\"{&quot;stretch_section&quot;:&quot;section-stretched&quot;}\">\n\t\t\t\t\t\t<div class=\"elementor-container elementor-column-gap-default\">\n\t\t\t\t\t<div class=\"aux-parallax-section elementor-column elementor-col-100 elementor-top-column elementor-element elementor-element-1622cfc elementor-hidden-desktop elementor-hidden-tablet\" data-id=\"1622cfc\" data-element_type=\"column\" data-settings=\"{&quot;animation_mobile&quot;:&quot;fadeInLeft&quot;}\">\n\t\t\t<div class=\"elementor-widget-wrap elementor-element-populated\">\n\t\t\t\t\t\t<div class=\"elementor-element elementor-element-d0f8ae0 elementor-widget elementor-widget-image\" data-id=\"d0f8ae0\" data-element_type=\"widget\" data-widget_type=\"image.default\">\n\t\t\t\t<div class=\"elementor-widget-container\">\n\t\t\t\t\t\t\t\t\t\t\t\t\t\t\t<img decoding=\"async\" src=\"http:\/\/festiwalrymkiewiczowski.pl\/2023\/wp-content\/uploads\/2023\/06\/Rymkiewicz_4.jpg\" title=\"Rymkiewicz_4\" alt=\"Rymkiewicz_4\" loading=\"lazy\" \/>\t\t\t\t\t\t\t\t\t\t\t\t\t\t\t<\/div>\n\t\t\t\t<\/div>\n\t\t\t\t\t<\/div>\n\t\t<\/div>\n\t\t\t\t\t<\/div>\n\t\t<\/section>\n\t\t\t\t<section class=\"elementor-section elementor-top-section elementor-element elementor-element-a93f66f elementor-section-boxed elementor-section-height-default elementor-section-height-default\" data-id=\"a93f66f\" data-element_type=\"section\">\n\t\t\t\t\t\t<div class=\"elementor-container elementor-column-gap-default\">\n\t\t\t\t\t<div class=\"aux-parallax-section elementor-column elementor-col-100 elementor-top-column elementor-element elementor-element-5a5aca0\" data-id=\"5a5aca0\" data-element_type=\"column\">\n\t\t\t<div class=\"elementor-widget-wrap elementor-element-populated\">\n\t\t\t\t\t\t<div class=\"elementor-element elementor-element-a649cc0 elementor-invisible elementor-widget elementor-widget-text-editor\" data-id=\"a649cc0\" data-element_type=\"widget\" data-settings=\"{&quot;_animation&quot;:&quot;fadeIn&quot;}\" data-widget_type=\"text-editor.default\">\n\t\t\t\t<div class=\"elementor-widget-container\">\n\t\t\t\t\t\t\t\t\tFilmy\t\t\t\t\t\t\t\t<\/div>\n\t\t\t\t<\/div>\n\t\t\t\t\t<\/div>\n\t\t<\/div>\n\t\t\t\t\t<\/div>\n\t\t<\/section>\n\t\t\t\t<section class=\"elementor-section elementor-top-section elementor-element elementor-element-6c791d2 elementor-section-stretched elementor-section-content-middle elementor-section-boxed elementor-section-height-default elementor-section-height-default\" data-id=\"6c791d2\" data-element_type=\"section\" data-settings=\"{&quot;stretch_section&quot;:&quot;section-stretched&quot;,&quot;background_background&quot;:&quot;classic&quot;}\">\n\t\t\t\t\t\t<div class=\"elementor-container elementor-column-gap-default\">\n\t\t\t\t\t<div class=\"aux-parallax-section elementor-column elementor-col-100 elementor-top-column elementor-element elementor-element-99bd8f4\" data-id=\"99bd8f4\" data-element_type=\"column\">\n\t\t\t<div class=\"elementor-widget-wrap elementor-element-populated\">\n\t\t\t\t\t\t<div class=\"elementor-element elementor-element-e869283 elementor-invisible elementor-widget elementor-widget-text-editor\" data-id=\"e869283\" data-element_type=\"widget\" data-settings=\"{&quot;_animation&quot;:&quot;fadeIn&quot;}\" data-widget_type=\"text-editor.default\">\n\t\t\t\t<div class=\"elementor-widget-container\">\n\t\t\t\t\t\t\t\t\t<p>\u201eS\u0105dy, przes\u0105dy \u2013 w powi\u0119kszeniu: Rymkiewicz\u201d<\/p>\t\t\t\t\t\t\t\t<\/div>\n\t\t\t\t<\/div>\n\t\t\t\t<div class=\"elementor-element elementor-element-aac936c elementor-invisible elementor-widget elementor-widget-aux_modern_button\" data-id=\"aac936c\" data-element_type=\"widget\" data-settings=\"{&quot;_animation&quot;:&quot;fadeIn&quot;}\" data-widget_type=\"aux_modern_button.default\">\n\t\t\t\t<div class=\"elementor-widget-container\">\n\t\t\t\t\t    <div class=\"aux-modern-button-wrapper aux-modern-button-align-center\" >\n                    <a class=\"aux-modern-button aux-black aux-modern-button-md aux-modern-button-normal aux-modern-button-default aux-icon-\" href=\"https:\/\/vod.tvp.pl\/programy,88\/sady-przesady--w-powiekszeniu-odcinki,274577\/odcinek-38,S01E38,319316\" target=\"_blank\">\n                <div class=\"aux-overlay\"><\/div>\n                                    <div class=\"aux-icon \">\n                                            <\/div>\n                                <div class=\"aux-text\">\n<span class=\"aux-text-before\">zobacz film<\/span>                <\/div>\n            <\/a>\n            \n    <\/div>\n\n    \t\t\t\t<\/div>\n\t\t\t\t<\/div>\n\t\t\t\t\t<\/div>\n\t\t<\/div>\n\t\t\t\t\t<\/div>\n\t\t<\/section>\n\t\t\t\t<section class=\"elementor-section elementor-top-section elementor-element elementor-element-6ed985e elementor-section-stretched elementor-section-content-middle elementor-section-boxed elementor-section-height-default elementor-section-height-default\" data-id=\"6ed985e\" data-element_type=\"section\" data-settings=\"{&quot;stretch_section&quot;:&quot;section-stretched&quot;,&quot;background_background&quot;:&quot;classic&quot;}\">\n\t\t\t\t\t\t<div class=\"elementor-container elementor-column-gap-default\">\n\t\t\t\t\t<div class=\"aux-parallax-section elementor-column elementor-col-100 elementor-top-column elementor-element elementor-element-2229e0f\" data-id=\"2229e0f\" data-element_type=\"column\">\n\t\t\t<div class=\"elementor-widget-wrap elementor-element-populated\">\n\t\t\t\t\t\t<div class=\"elementor-element elementor-element-cc2d530 elementor-invisible elementor-widget elementor-widget-text-editor\" data-id=\"cc2d530\" data-element_type=\"widget\" data-settings=\"{&quot;_animation&quot;:&quot;fadeIn&quot;}\" data-widget_type=\"text-editor.default\">\n\t\t\t\t<div class=\"elementor-widget-container\">\n\t\t\t\t\t\t\t\t\t<p>\u201eRymkiewicz. Historia i metafizyka\u201d<\/p>\t\t\t\t\t\t\t\t<\/div>\n\t\t\t\t<\/div>\n\t\t\t\t<div class=\"elementor-element elementor-element-0fa695c elementor-invisible elementor-widget elementor-widget-aux_modern_button\" data-id=\"0fa695c\" data-element_type=\"widget\" data-settings=\"{&quot;_animation&quot;:&quot;fadeIn&quot;}\" data-widget_type=\"aux_modern_button.default\">\n\t\t\t\t<div class=\"elementor-widget-container\">\n\t\t\t\t\t    <div class=\"aux-modern-button-wrapper aux-modern-button-align-center\" >\n                    <a class=\"aux-modern-button aux-black aux-modern-button-md aux-modern-button-normal aux-modern-button-default aux-icon-\" href=\"https:\/\/vod.tvp.pl\/filmy-dokumentalne,163\/rymkiewicz-historia-i-metafizyka,295782\" target=\"_blank\">\n                <div class=\"aux-overlay\"><\/div>\n                                    <div class=\"aux-icon \">\n                                            <\/div>\n                                <div class=\"aux-text\">\n<span class=\"aux-text-before\">zobacz film<\/span>                <\/div>\n            <\/a>\n            \n    <\/div>\n\n    \t\t\t\t<\/div>\n\t\t\t\t<\/div>\n\t\t\t\t\t<\/div>\n\t\t<\/div>\n\t\t\t\t\t<\/div>\n\t\t<\/section>\n\t\t\t\t<section class=\"elementor-section elementor-top-section elementor-element elementor-element-78a40a8 elementor-section-stretched elementor-section-content-middle elementor-section-boxed elementor-section-height-default elementor-section-height-default\" data-id=\"78a40a8\" data-element_type=\"section\" data-settings=\"{&quot;stretch_section&quot;:&quot;section-stretched&quot;,&quot;background_background&quot;:&quot;classic&quot;}\">\n\t\t\t\t\t\t<div class=\"elementor-container elementor-column-gap-default\">\n\t\t\t\t\t<div class=\"aux-parallax-section elementor-column elementor-col-100 elementor-top-column elementor-element elementor-element-6364025\" data-id=\"6364025\" data-element_type=\"column\">\n\t\t\t<div class=\"elementor-widget-wrap elementor-element-populated\">\n\t\t\t\t\t\t<div class=\"elementor-element elementor-element-87a6613 elementor-invisible elementor-widget elementor-widget-text-editor\" data-id=\"87a6613\" data-element_type=\"widget\" data-settings=\"{&quot;_animation&quot;:&quot;fadeIn&quot;}\" data-widget_type=\"text-editor.default\">\n\t\t\t\t<div class=\"elementor-widget-container\">\n\t\t\t\t\t\t\t\t\t<p>\u201ePoeta pozwany\u201d<\/p>\t\t\t\t\t\t\t\t<\/div>\n\t\t\t\t<\/div>\n\t\t\t\t<div class=\"elementor-element elementor-element-20b4eb8 elementor-invisible elementor-widget elementor-widget-aux_modern_button\" data-id=\"20b4eb8\" data-element_type=\"widget\" data-settings=\"{&quot;_animation&quot;:&quot;fadeIn&quot;}\" data-widget_type=\"aux_modern_button.default\">\n\t\t\t\t<div class=\"elementor-widget-container\">\n\t\t\t\t\t    <div class=\"aux-modern-button-wrapper aux-modern-button-align-center\" >\n                    <a class=\"aux-modern-button aux-black aux-modern-button-md aux-modern-button-normal aux-modern-button-default aux-icon-\" href=\"https:\/\/www.dailymotion.com\/video\/xs7sf7\" target=\"_blank\">\n                <div class=\"aux-overlay\"><\/div>\n                                    <div class=\"aux-icon \">\n                                            <\/div>\n                                <div class=\"aux-text\">\n<span class=\"aux-text-before\">zobacz film<\/span>                <\/div>\n            <\/a>\n            \n    <\/div>\n\n    \t\t\t\t<\/div>\n\t\t\t\t<\/div>\n\t\t\t\t\t<\/div>\n\t\t<\/div>\n\t\t\t\t\t<\/div>\n\t\t<\/section>\n\t\t\t\t<\/div>\n\t\t","protected":false},"excerpt":{"rendered":"<p>Jaros\u0142aw Marek Rymkiewicz Poeta, eseista, dramaturg, historyk literatury, profesor nauk humanistycznych.Ka\u017cda jego ksi\u0105\u017cka, a nawet wypowied\u017a, rozpala\u0142a w Polsce gor\u0105ce dyskusje. Urodzony 13 lipca 1935 roku w Warszawie, zadebiutowa\u0142 w wieku 22 lat tomikiem wierszy Konwencje (wydanym w \u0141odzi). W roku 1967 og\u0142osi\u0142 swoje literackie credo w ksi\u0105\u017cce: Czym jest klasycyzm. Manifesty poetyckie. Autor licznych [&hellip;]<\/p>\n","protected":false},"author":1,"featured_media":0,"parent":0,"menu_order":0,"comment_status":"closed","ping_status":"closed","template":"","meta":{"_monsterinsights_skip_tracking":false,"_monsterinsights_sitenote_active":false,"_monsterinsights_sitenote_note":"","_monsterinsights_sitenote_category":0,"footnotes":""},"class_list":["post-224","page","type-page","status-publish","hentry"],"_links":{"self":[{"href":"http:\/\/festiwalrymkiewiczowski.pl\/2023\/wp-json\/wp\/v2\/pages\/224","targetHints":{"allow":["GET"]}}],"collection":[{"href":"http:\/\/festiwalrymkiewiczowski.pl\/2023\/wp-json\/wp\/v2\/pages"}],"about":[{"href":"http:\/\/festiwalrymkiewiczowski.pl\/2023\/wp-json\/wp\/v2\/types\/page"}],"author":[{"embeddable":true,"href":"http:\/\/festiwalrymkiewiczowski.pl\/2023\/wp-json\/wp\/v2\/users\/1"}],"replies":[{"embeddable":true,"href":"http:\/\/festiwalrymkiewiczowski.pl\/2023\/wp-json\/wp\/v2\/comments?post=224"}],"version-history":[{"count":223,"href":"http:\/\/festiwalrymkiewiczowski.pl\/2023\/wp-json\/wp\/v2\/pages\/224\/revisions"}],"predecessor-version":[{"id":6265,"href":"http:\/\/festiwalrymkiewiczowski.pl\/2023\/wp-json\/wp\/v2\/pages\/224\/revisions\/6265"}],"wp:attachment":[{"href":"http:\/\/festiwalrymkiewiczowski.pl\/2023\/wp-json\/wp\/v2\/media?parent=224"}],"curies":[{"name":"wp","href":"https:\/\/api.w.org\/{rel}","templated":true}]}}